**2. Let t be m(8). Is (81 - t) + (-1 - 1) composite?
False
Let j(z) = -z**3 - 8*z**2 - 9*z + 7. Suppose 2*m + 0*r = -5*r - 9, 3*r = 3. Is j(m) prime?
False
Let k(b) = 6*b**2 - 51*b + 34. Is k(-23) a composite number?
True
Let v(t) = t - 1. Let q be v(6). Suppose 3*a - d + 6*d - 72 = 0, 0 = -5*a + q*d + 80. Is a a composite number?
False
Let w = -99 - -149. Let v(f) = 2*f + 18. Let c be v(-8). Suppose 4*g + 2*d = w + 306, 0 = c*g + 4*d - 178. Is g composite?
False
Suppose -8*m + 3*m = 0. Suppose m = -z - z + 628. Is z prime?
False
Is 4*-5613*(-6)/72 a prime number?
True
Suppose -i + 2 = r, 4*i + 5*r - 11 = 1. Let u = 4 + i. Suppose -5*s + 5*q + 70 = 0, u*s - 3*q + 5 = 28. Is s a prime number?
True
Let x(v) = -25*v**2 + v + 1. Let r(j) = -14*j**2 + 1. Let i be r(1). Let m(g) = -49*g**2 + 2*g + 2. Let y(s) = i*x(s) + 6*m(s). Is y(-1) composite?
False
Suppose -5*j = -3*j - 2. Let v be j/2*(-8 - -8). Let p = 23 - v. Is p a prime number?
True
Let u = 183 - -148. Is u a composite number?
False
Let q(p) = -2*p - 12. Let z be q(-9). Let s be (-2)/((z/3)/(-2)). Suppose -r + n - s*n + 155 = 0, -5*r = 3*n - 779. Is r composite?
False
Let y(x) = 170*x**2 - 3*x + 5. Is y(2) a composite number?
True
Let u(a) be the first derivative of -7*a**2 - 1. Let b be u(-3). Suppose -3*k = j + 2*k - b, -j - k + 46 = 0. Is j a composite number?
False
Is (-44450)/(-20) + (3/(-2))/1 prime?
True
Suppose 3*b - 5*y + 33 = 0, b - 4*y = -7*y + 3. Let d be (-8)/6*27/b. Is d/24 - (-118)/8 a composite number?
True
Let r(z) be the second derivative of 17*z**4/12 - z**3/6 - z**2/2 + 5*z. Is r(5) composite?
False
Let z be (-2)/6*-3 - -104. Let u = -147 + z. Is (-13)/(2*3/u) prime?
False
Is 276/20 - 2/(-10) prime?
False
Let k be (-9)/(-15) + 11319/35. Let o = -150 - 59. Let i = o + k. Is i a prime number?
False
Let h(d) = -55*d**3 - d**2 - 4*d + 1. Is h(-2) composite?
True
Let n(v) = v**2 + 5*v + 3. Is n(5) a prime number?
True
Let d be (-6)/9 + (-1736)/(-3). Suppose r - 3*r = -4, d = -4*f - 3*r. Is -3 - (3 - 3) - f composite?
True
Let o(c) = 37*c**2 - c - 1. Is o(-2) a composite number?
False
Let k(f) = -4*f - 8. Let v be k(9). Suppose 0 = -b + r - 16, 2*b = -3*b - 3*r - 56. Let i = b - v. Is i prime?
True
Let v(z) = z - 1. Let m be v(3). Is (3/m)/(3/422) composite?
False
Let n(z) be the third derivative of 17*z**7/360 + z**6/720 + z**5/120 + z**4/12 + z**2. Let r(w) be the second derivative of n(w). Is r(-1) composite?
True
Let v(n) = -n**3 + 3*n**2 - 2*n + 3. Let t be v(2). Suppose 0*u = -t*u + 18. Suppose -u*o + 220 = -2*o. Is o prime?
False
Suppose -z + 1 = 2, -5*x - 5*z + 35 = 0. Let v(i) = 2*i - 9. Is v(x) a composite number?
False
Let n(i) be the second derivative of i**5/20 - 5*i**4/12 + i**3/3 - 7*i**2/2 + i. Let x be n(6). Is 2 - (-3 + 2)*x a composite number?
False
Let n(v) be the second derivative of 11*v**5/20 - v**4/12 - v**3/2 + v**2/2 + 5*v. Is n(2) prime?
True
Let q(t) = 17*t**3 + 2*t**2 + 3*t + 4. Let r be q(-3). Let b = 13 - r. Suppose -p = -4*s + 4*p + b, -p + 489 = 4*s. Is s a prime number?
False
Suppose 5*o = -5*l + 10865, 5*l = 5*o + 6*l - 10881. Is o composite?
True
Let p = -9 + 8. Let h(b) = b**2 + b - 6. Let u be h(0). Is p/(u/(-26))*-3 a composite number?
False
Let v(m) = m**3 + 9*m**2 + 9*m + 6. Let n be v(-8). Let o(k) = k**3 + 2*k**2 + 2. Let w be o(n). Is 1 + -1 - (-33 + w) a prime number?
True
Let g(f) = -3 + 2 - 9*f + 13*f. Is g(2) prime?
True
Suppose -171 = -3*b + 84. Is b a prime number?
False
Let u(g) = 3*g**3 + 4*g**2 - 4*g + 1. Let r(q) = 10*q**3 + 11*q**2 - 13*q + 3. Let k(v) = 2*r(v) - 7*u(v). Is k(-7) a prime number?
False
Let z = 9 + -7. Suppose 1730 = -0*t + z*t. Is t a prime number?
False
Let r = -49 + 18. Let n = 130 + -192. Let j = r - n. Is j prime?
True
Suppose 0 = 3*q - 701 - 16. Is q composite?
False
Let s be 30/8*200/10. Let w = 128 - s. Is w prime?
True
Suppose 0 = -6*t + t + 15. Suppose 2*g - 3*p - 3 = 0, g - 2*g - 12 = t*p. Is g/(3/(-13)) + -2 a composite number?
False
Is 1/(-4) + -6 + (-1211)/(-28) a prime number?
True
Suppose -3*n - 3*u = -30, 5*u - 17 = -4*n + 24. Let y(v) = -v**3 - v**2 + v - 2. Let q be y(0). Let w = q + n. Is w composite?
False
Let v = 105 - 68. Is v a prime number?
True
Is -59*4/2*46/(-4) composite?
True
Let u = 0 + 141. Is u composite?
True
Let p(q) = q**2 - 3*q + 3. Let l be p(2). Is -20*l/(8/(-22)) a composite number?
True
Let q = 14 + -7. Is q prime?
True
Suppose 0 = -2*a + a - 5*m + 59, -96 = -2*a + m. Suppose a = -q + 2*t + 132, 3*t + 164 = 2*q. Is q a composite number?
False
Suppose -5*w + 56 = -4*m, 0 = -4*w + 4*m - 0*m + 48. Let f = w + -4. Suppose 0 = -3*k + f*k - 19. Is k a prime number?
True
Let o = 905 - 642. Is o prime?
True
Suppose 2*s + 2868 = 6*s. Is s a composite number?
True
Let k(y) be the second derivative of y - 1/10*y**5 + 0*y**2 - 1/6*y**3 + 0 - 1/6*y**4. Is k(-2) a composite number?
True
Let m = -15 - -25. Let q = 4 + m. Suppose q = z - 5. Is z a composite number?
False
Let b(u) = u - 20. Suppose -2*c + 44 = 2*c. Let s be b(c). Is (-222)/(-9)*s/(-6) a prime number?
True
Suppose 0 = -3*z + 11 + 13. Suppose -z = 2*h, 2*d + 3*h - 279 - 35 = 0. Is d composite?
False
Let s(u) = 10*u + 6. Is s(4) composite?
True
Let p = -1401 + 4400. Is p composite?
False
Let w = 2 - 0. Let m(n) = 6 - 1 + n + 5*n + n**w. Is m(-8) composite?
True
Suppose 4*r + 2*v = 282, 2*r + 3*v = 7*r - 358. Is r a prime number?
True
Let v be 0/(-1 + (-9)/(-3)). Let m(q) = -q**3 + 5*q**2 + 6*q + 6. Let i be m(6). Let s = i - v. Is s a prime number?
False
Let w(n) = -n**2 + 319. Is w(0) a prime number?
False
Suppose 6*v + 5*i + 40 = 3*v, -5*v + i - 20 = 0. Let m(h) = 8*h**2 + 7*h + 4. Let u(n) = -15*n**2 - 14*n - 8. Let a(b) = -11*m(b) - 6*u(b). Is a(v) composite?
False
Let n = 74 + -105. Let q = 84 - n. Is q composite?
True
Suppose -4*t + 14 = 2*r, -3*t + 3*r - 7 + 22 = 0. Suppose -4*k = -0*k - t. Suppose k = 2*s - 27. Is s a prime number?
False
Let c = -3 + 6. Suppose 5*q + 0*u - 72 = c*u, -q - 2*u = -4. Suppose -2*s - q = -4*s. Is s a prime number?
False
Is (-3 - -403) + 2 - 5 composite?
False
Let x be (1/2)/((-4)/(-40)). Suppose -z - x*y + 78 = 0, 2*z - 124 - 7 = -5*y. Is z a prime number?
True
Suppose -4*g + 4*z - 405 = -1665, -z = -4*g + 1266. Is g prime?
True
Let l = 96 + -98. Let p(f) = 0*f**2 + 0*f**2 + 2*f**2 - 4*f**3 + 3 + 4*f. Is p(l) composite?
True
Let d be (4/(-6))/(4/6). Let f be (7*5 + d)/2. Suppose 4*b + f = 73. Is b composite?
True
Suppose 2*k - 375 = 5*d - 1662, 4*k = -4. Is d composite?
False
Let t be 1565/10 + 1/2. Suppose -161 = -2*m + t. Suppose 5*f = 2*f + m. Is f prime?
True
Suppose 0 = -3*d - 3, 0 = -3*q + d - 0*d + 10. Suppose 3*x - q*z = -12 + 1266, 3*z - 2066 = -5*x. Is x a prime number?
False
Suppose 5*b - 20 = -5. Suppose 141 = -b*x + 945. Suppose -3*j + j = 3*a - x, 2*a = -j + 135. Is j composite?
False
Let i(y) = -2*y**2 + 8*y + 1. Let a(v) = 4*v**2 - 17*v - 1. Let c(j) = -4*a(j) - 9*i(j). Let x = -5 + 10. Is c(x) composite?
True
Let z = 510 - 219. Let u = z - 148. Is u prime?
False
Suppose 13*i + 1959 = 16*i. Is i composite?
False
Suppose p - 5*p + 40 = 0. Suppose 36 = -4*m - 4*w, -5*m - 3*w + 5 = -p*m. Is -2 - 4/(m/49) prime?
True
Suppose k - 3*k + 216 = 0. Let r = k + -41. Is r a prime number?
True
Let l = -44 + -14. Let n = -103 + 64. Let t = n - l. Is t a prime number?
True
Suppose 1863 = -4*a + 9467. Is a composite?
False
Suppose 2*w - 424 = 74. Is w composite?
True
Let o be 2 + 1 + -122 + 2. Let a = 472 + o. Is a a prime number?
False
Suppose y + 89 = -868. Let p = -656 - y. Is p prime?
False
Suppose u = 3*o + 4*u - 5703, 2*u = 0. Is o composite?
False
Let s be (-2)/(-9) + (-20)/9. Suppose -3*t - 261 = -6*t. Is (2 + t/(-6))*s a prime number?
False
Suppose 3*n = -n + 100. Suppose 5*a + 0 = n. Suppose 5*s + a = 110. Is s a composite number?
True
Let d = 34 - 20. Let u = -4 + d. Is u a prime number?
False
Let f(c) = 3*c**2 + 4*c - 13. Is f(-9) prime?
False
Let j(p) = -p**3 + 6*p**2 - 4*p - 3. Let o be j(5). Let i = 3 + o. Suppose 4*c + 53 + 268 = i*v, -3*c = -3*v + 192. Is v a prime number?
False
Let g(q) = q**2 + 5*q - 3. Let x(o) = -o**2 - 14*o - 9. Let z be x(-14). Is g(z) a prime number?
False
Let w(a) = a**3 - 7*a**2 - 7*a - 7. Let l be w(8). Let h be (-1)/(-4) + 225/12. Is